{"id":1313,"date":"2022-02-02T11:19:52","date_gmt":"2022-02-02T10:19:52","guid":{"rendered":"https:\/\/ssv-l\u00fcdenscheid.de\/?page_id=1313"},"modified":"2022-02-02T11:21:51","modified_gmt":"2022-02-02T10:21:51","slug":"finanzordnung-2","status":"publish","type":"page","link":"https:\/\/www.ssv-l\u00fcdenscheid.de\/?page_id=1313","title":{"rendered":"Finanzordnung"},"content":{"rendered":"\n<p class=\"has-fs-22-px-font-size\">Die Finanzordnung<\/p>\n\n\n\n<h5 class=\"wp-block-heading\" id=\"gultig-ab-19-marz-2010-geandert-am-18-september-2021\">G\u00fcltig ab 19. M\u00e4rz 2010, ge\u00e4ndert am 18. September 2021<\/h5>\n\n\n\n<p><strong><em>\u00a7 1&nbsp; &#8211;&nbsp; Pr\u00e4ambel<\/em><\/strong><br>Auf Grund von steuerrechtlichen \u00c4nderungen in Bezug auf Zuwendungen an Organmitglieder eines Verbandes wurde auf der Jahreshauptversammlung des Stadtsportverbandes L\u00fcdenscheid e.V. am 18. M\u00e4rz 2010 eine Satzungs\u00e4nderung durch die Mitgliederversammlung (MgV) beschlossen.<\/p>\n\n\n\n<p>Der in der Satzung neu eingef\u00fcgte \u00a7 7 hei\u00dft \u00b4Aufwandsentsch\u00e4digungen und \u2013ersatz an Vorstandsmitglieder und Externe\u00b4.<\/p>\n\n\n\n<p>Im vorletzten Absatz hei\u00dft es: \u00b4Einzelheiten regelt die Finanzordnung. Diese ist erstmals durch die Mitgliederversammlung im M\u00e4rz 2010 zu beschlie\u00dfen\u00b4.<\/p>\n\n\n\n<p>Dieser Weg wurde gew\u00e4hlt, um nicht jedes Mal bei Ver\u00e4nderungen der Zuwendungsbetr\u00e4ge eine Satzungs\u00e4nderung \u2013die ja beim Amtsgericht im Vereinsregister einzutragen w\u00e4re- durchf\u00fchren zu m\u00fcssen.<\/p>\n\n\n\n<p><strong>\u00a7&nbsp;<em>2&nbsp; &#8211;&nbsp; Verg\u00fctung an Organmitglieder<br><\/em><\/strong>Die MgV beschlie\u00dft unter Ber\u00fccksichtigung der wirtschaftlichen Verh\u00e4ltnisse und der Haushaltslage \u00fcber pauschalierte Aufwandsentsch\u00e4digungen.<\/p>\n\n\n\n<p><strong><em>\u00a7 3&nbsp; &#8211;&nbsp; Pauschalierte Aufwandsentsch\u00e4digungen<\/em><\/strong><br>Das Vorstandsmitglied Finanzen schl\u00e4gt in der letzten Vorstandssitzung eines jeden Jahres vor, wie die pauschalierten Aufwandsentsch\u00e4digungen an den erweiterten Vorstand verteilt werden.<\/p>\n\n\n\n<p>Mit diesen pauschalierten Aufwandsentsch\u00e4digungen sind alle Aufwendungen abgegolten, die ihnen durch die T\u00e4tigkeit f\u00fcr den Verband entstanden sind. Dabei ist das Gebot der Sparsamkeit zu beachten. Die H\u00f6he der Aufwandsentsch\u00e4digung und der Zahlungszeitpunkt sind in \u00a7 5 und \u00a7 6 geregelt.<\/p>\n\n\n\n<p>Die einzelnen Aufwandsentsch\u00e4digungen d\u00fcrfen die jeweils geltenden steuerrechtlichen H\u00f6chstgrenzen nicht \u00fcbersteigen.<\/p>\n\n\n\n<p><strong><em>\u00a7 4&nbsp; &#8211;&nbsp; Aufwendungsersatz<\/em><\/strong><br>Der erweiterte Vorstand hat einen Anspruch auf Aufwendungsersatz nach \u00a7 670 BGB&nbsp; f\u00fcr solche Aufwendungen, die Ihnen durch die T\u00e4tigkeit f\u00fcr den Verband entstanden sind. Dabei ist das Gebot der Sparsamkeit zu beachten.<\/p>\n\n\n\n<p>Erstattungen werden nur gew\u00e4hrt, wenn die Aufwendungen mit pr\u00fcff\u00e4higen Belegen und Aufstellungen nachgewiesen werden. Der Anspruch auf Aufwendungsersatz kann nur bis zum 15. Dezember des laufenden Kalenderjahres geltend gemacht werden.<\/p>\n\n\n\n<p><strong><em>\u00a7 5&nbsp; &#8211;&nbsp; H\u00f6he der Aufwandsentsch\u00e4digung<\/em><\/strong><br>Die pauschalierten Aufwandsentsch\u00e4digungen d\u00fcrfen insgesamt den Maximalbetrag von 1.500 EUR nicht \u00fcberschreiten.<\/p>\n\n\n\n<p>Die Betr\u00e4ge beziehen sich jeweils auf ein Kalenderjahr, sofern keine anderen Zeitr\u00e4ume angegeben sind.<\/p>\n\n\n\n<p>Bei vorzeitigen Ausscheiden eines \u00b4Leistungstr\u00e4gers\u00b4 werden die o.g. Aufwandsentsch\u00e4digungen nur zeitanteilig gezahlt.<\/p>\n\n\n\n<p><strong><em>\u00a7 6&nbsp; &#8211;&nbsp; Zahlung von Aufwandsentsch\u00e4digung und Aufwandersatz<\/em><\/strong><br>Aufwandsentsch\u00e4digungen und Aufwandersatz werden grunds\u00e4tzlich vom Konto des SSV auf das Girokonto des Empf\u00e4ngers \u00fcberwiesen, im Monat Dezember.<\/p>\n\n\n\n<p><strong><em>\u00a7 7&nbsp; &#8211;&nbsp; \u00c4nderung bei den Aufwandsentsch\u00e4digungen<\/em><\/strong><br>Angedachte betragsm\u00e4\u00dfige \u00c4nderungen m\u00fcssen jeweils vom Vorstandsmitglied Finanzen auf der Jahreshauptversammlung der MgV vorgeschlagen werden.&nbsp;<\/p>\n\n\n\n<p>Die MgV beschlie\u00dft mit einfacher Mehrheit.<\/p>\n\n\n\n<p>Die ge\u00e4nderten Betr\u00e4ge gelten dann r\u00fcckwirkend ab dem Beginn des 01. Januar des laufenden Kalenderjahres.<\/p>\n\n\n\n<p><strong>L\u00fcdenscheid, den 18. September 2021&nbsp;<\/strong>&nbsp; &nbsp;<\/p>\n","protected":false},"excerpt":{"rendered":"<p>Die Finanzordnung G\u00fcltig ab 19. M\u00e4rz 2010, ge\u00e4ndert am 18. September 2021 \u00a7 1&nbsp; &#8211;&nbsp; Pr\u00e4ambelAuf Grund von steuerrechtlichen \u00c4nderungen in Bezug auf Zuwendungen an Organmitglieder eines Verbandes wurde auf der Jahreshauptversammlung des Stadtsportverbandes L\u00fcdenscheid e.V. am 18. M\u00e4rz 2010 eine Satzungs\u00e4nderung durch die Mitgliederversammlung (MgV) beschlossen. Der in der Satzung neu eingef\u00fcgte \u00a7 7 [&hellip;]<\/p>\n","protected":false},"author":2,"featured_media":0,"parent":0,"menu_order":0,"comment_status":"closed","ping_status":"closed","template":"","meta":{"footnotes":""},"class_list":["post-1313","page","type-page","status-publish","hentry"],"_links":{"self":[{"href":"https:\/\/www.ssv-l\u00fcdenscheid.de\/index.php?rest_route=\/wp\/v2\/pages\/1313","targetHints":{"allow":["GET"]}}],"collection":[{"href":"https:\/\/www.ssv-l\u00fcdenscheid.de\/index.php?rest_route=\/wp\/v2\/pages"}],"about":[{"href":"https:\/\/www.ssv-l\u00fcdenscheid.de\/index.php?rest_route=\/wp\/v2\/types\/page"}],"author":[{"embeddable":true,"href":"https:\/\/www.ssv-l\u00fcdenscheid.de\/index.php?rest_route=\/wp\/v2\/users\/2"}],"replies":[{"embeddable":true,"href":"https:\/\/www.ssv-l\u00fcdenscheid.de\/index.php?rest_route=%2Fwp%2Fv2%2Fcomments&post=1313"}],"version-history":[{"count":3,"href":"https:\/\/www.ssv-l\u00fcdenscheid.de\/index.php?rest_route=\/wp\/v2\/pages\/1313\/revisions"}],"predecessor-version":[{"id":1317,"href":"https:\/\/www.ssv-l\u00fcdenscheid.de\/index.php?rest_route=\/wp\/v2\/pages\/1313\/revisions\/1317"}],"wp:attachment":[{"href":"https:\/\/www.ssv-l\u00fcdenscheid.de\/index.php?rest_route=%2Fwp%2Fv2%2Fmedia&parent=1313"}],"curies":[{"name":"wp","href":"https:\/\/api.w.org\/{rel}","templated":true}]}}