{"id":1332,"date":"2022-02-02T12:46:57","date_gmt":"2022-02-02T11:46:57","guid":{"rendered":"https:\/\/ssv-l\u00fcdenscheid.de\/?page_id=1332"},"modified":"2022-02-02T12:46:58","modified_gmt":"2022-02-02T11:46:58","slug":"ehrenvorsitzender","status":"publish","type":"page","link":"https:\/\/www.ssv-l\u00fcdenscheid.de\/?page_id=1332","title":{"rendered":"Ehrenvorsitzender"},"content":{"rendered":"\n<p><strong>Ehrenvorsitzender<\/strong><\/p>\n\n\n\n<p>R\u00fcdiger K\u00f6nig<\/p>\n\n\n\n<p>Hebberger Weg 11<br>58511 L\u00fcdenscheid<\/p>\n\n\n\n<p><a href=\"mailto:ruediger.koenig@stadtsportverbandluedenscheid.de\">ruediger.koenig<br>@stadtsportverbandluedenscheid.de<\/a><\/p>\n\n\n\n<p>Telefon: 02351 41796<\/p>\n\n\n\n<p>Mobil:   0171 5321125<\/p>\n","protected":false},"excerpt":{"rendered":"<p>Ehrenvorsitzender R\u00fcdiger K\u00f6nig Hebberger Weg 1158511 L\u00fcdenscheid ruediger.koenig@stadtsportverbandluedenscheid.de Telefon: 02351 41796 Mobil: 0171 5321125<\/p>\n","protected":false},"author":2,"featured_media":0,"parent":0,"menu_order":0,"comment_status":"closed","ping_status":"closed","template":"","meta":{"footnotes":""},"class_list":["post-1332","page","type-page","status-publish","hentry"],"_links":{"self":[{"href":"https:\/\/www.ssv-l\u00fcdenscheid.de\/index.php?rest_route=\/wp\/v2\/pages\/1332","targetHints":{"allow":["GET"]}}],"collection":[{"href":"https:\/\/www.ssv-l\u00fcdenscheid.de\/index.php?rest_route=\/wp\/v2\/pages"}],"about":[{"href":"https:\/\/www.ssv-l\u00fcdenscheid.de\/index.php?rest_route=\/wp\/v2\/types\/page"}],"author":[{"embeddable":true,"href":"https:\/\/www.ssv-l\u00fcdenscheid.de\/index.php?rest_route=\/wp\/v2\/users\/2"}],"replies":[{"embeddable":true,"href":"https:\/\/www.ssv-l\u00fcdenscheid.de\/index.php?rest_route=%2Fwp%2Fv2%2Fcomments&post=1332"}],"version-history":[{"count":1,"href":"https:\/\/www.ssv-l\u00fcdenscheid.de\/index.php?rest_route=\/wp\/v2\/pages\/1332\/revisions"}],"predecessor-version":[{"id":1334,"href":"https:\/\/www.ssv-l\u00fcdenscheid.de\/index.php?rest_route=\/wp\/v2\/pages\/1332\/revisions\/1334"}],"wp:attachment":[{"href":"https:\/\/www.ssv-l\u00fcdenscheid.de\/index.php?rest_route=%2Fwp%2Fv2%2Fmedia&parent=1332"}],"curies":[{"name":"wp","href":"https:\/\/api.w.org\/{rel}","templated":true}]}}