{"id":1431,"date":"2022-02-02T16:05:22","date_gmt":"2022-02-02T15:05:22","guid":{"rendered":"https:\/\/ssv-l\u00fcdenscheid.de\/?page_id=1431"},"modified":"2022-02-02T16:05:23","modified_gmt":"2022-02-02T15:05:23","slug":"foerderung-der-kinder-und-jugendarbeit","status":"publish","type":"page","link":"https:\/\/www.ssv-l\u00fcdenscheid.de\/?page_id=1431","title":{"rendered":"F\u00d6RDERUNG DER KINDER- UND JUGENDARBEIT"},"content":{"rendered":"\n<p><strong>F\u00f6rderung der Kinder- und Jugendarbeit<\/strong><\/p>\n\n\n\n<p>Der Stadtsportverband L\u00fcdenscheid unterst\u00fctzt die Kinder- und Jugendarbeit der Vereine in finanzieller Form.<\/p>\n\n\n\n<p>So k\u00f6nnen beispielsweise Investitionen oder Fahrten bezuschusst werden!<\/p>\n\n\n\n<p>Planen Sie die Anschaffung neuer Trainingsger\u00e4te?<\/p>\n\n\n\n<p>Wird eine neue Sportausr\u00fcstung ben\u00f6tigt?<\/p>\n\n\n\n<p>Werden neue Trikots ben\u00f6tigt?<\/p>\n\n\n\n<p>Scheuen Sie sich nicht, uns anzusprechen und einen Antrag zu stellen.<br>Nach Pr\u00fcfung des Antrages und Vorlage einer entsprechenden Rechnung k\u00f6nnen Sie dann bis zu 20 % der Investitionskosten, maximal 300 Euro, als Zuschuss erhalten.<\/p>\n\n\n\n<p>F\u00fcr Fahrten wie z. B. zum Landes- oder Deutschen Turnfest&nbsp;gibt es einen Zuschuss pro Kind bzw. Jugendlichen.<\/p>\n\n\n\n<p>Die Antr\u00e4ge sind zu richten an:<br>Stadtsportverband L\u00fcdenscheid e.V.<br>Holger Schumacher,<br>Am Sch\u00e4ferland 35<br>58515 L\u00fcdenscheid<\/p>\n\n\n\n<p>oder per E-Mail an:<br><a href=\"mailto:holger.schumacher@stadtsportverbandluedenscheid.de\">holger.schumacher@stadtsportverbandluedenscheid.de<\/a><\/p>\n\n\n\n<p>F\u00fcr R\u00fcckfragen stehen beim Stadtsportverband L\u00fcdenscheid e. V. folgende Ansprechpartner zur Verf\u00fcgung:<\/p>\n\n\n\n<p>Holger Schumacher 0151 54 07 43 82 und Michael Meyer 0170 8 13 22 68<\/p>\n","protected":false},"excerpt":{"rendered":"<p>F\u00f6rderung der Kinder- und Jugendarbeit Der Stadtsportverband L\u00fcdenscheid unterst\u00fctzt die Kinder- und Jugendarbeit der Vereine in finanzieller Form. So k\u00f6nnen beispielsweise Investitionen oder Fahrten bezuschusst werden! Planen Sie die Anschaffung neuer Trainingsger\u00e4te? Wird eine neue Sportausr\u00fcstung ben\u00f6tigt? Werden neue Trikots ben\u00f6tigt? Scheuen Sie sich nicht, uns anzusprechen und einen Antrag zu stellen.Nach Pr\u00fcfung des Antrages [&hellip;]<\/p>\n","protected":false},"author":2,"featured_media":0,"parent":0,"menu_order":0,"comment_status":"closed","ping_status":"closed","template":"","meta":{"footnotes":""},"class_list":["post-1431","page","type-page","status-publish","hentry"],"_links":{"self":[{"href":"https:\/\/www.ssv-l\u00fcdenscheid.de\/index.php?rest_route=\/wp\/v2\/pages\/1431","targetHints":{"allow":["GET"]}}],"collection":[{"href":"https:\/\/www.ssv-l\u00fcdenscheid.de\/index.php?rest_route=\/wp\/v2\/pages"}],"about":[{"href":"https:\/\/www.ssv-l\u00fcdenscheid.de\/index.php?rest_route=\/wp\/v2\/types\/page"}],"author":[{"embeddable":true,"href":"https:\/\/www.ssv-l\u00fcdenscheid.de\/index.php?rest_route=\/wp\/v2\/users\/2"}],"replies":[{"embeddable":true,"href":"https:\/\/www.ssv-l\u00fcdenscheid.de\/index.php?rest_route=%2Fwp%2Fv2%2Fcomments&post=1431"}],"version-history":[{"count":1,"href":"https:\/\/www.ssv-l\u00fcdenscheid.de\/index.php?rest_route=\/wp\/v2\/pages\/1431\/revisions"}],"predecessor-version":[{"id":1433,"href":"https:\/\/www.ssv-l\u00fcdenscheid.de\/index.php?rest_route=\/wp\/v2\/pages\/1431\/revisions\/1433"}],"wp:attachment":[{"href":"https:\/\/www.ssv-l\u00fcdenscheid.de\/index.php?rest_route=%2Fwp%2Fv2%2Fmedia&parent=1431"}],"curies":[{"name":"wp","href":"https:\/\/api.w.org\/{rel}","templated":true}]}}